1300?
True
Is 165 even?
False
Does 10 divide 90?
True
Is 316 a multiple of 9?
False
Is 142 a multiple of 33?
False
Does 213 divide 68799?
True
Does 9 divide 49554?
True
Is 18 a factor of 15461?
False
Is 195 a multiple of 79?
False
Is 16 a factor of 2124?
False
Is 39 a factor of 746?
False
Does 31 divide 2077?
True
Is 2694 a multiple of 143?
False
Is 45 a factor of 2835?
True
Is 50 a factor of 400?
True
Is 14 a factor of 24258?
False
Does 22 divide 1562?
True
Is 42 a factor of 2184?
True
Does 18 divide 666?
True
Is 680 a multiple of 40?
True
Is 137 a factor of 13037?
False
Does 27 divide 359?
False
Is 10 a factor of 280?
True
Is 7 a factor of 24556?
True
Is 11 a factor of 5352?
False
Does 72 divide 34704?
True
Is 10459 a multiple of 2?
False
Is 8985 a multiple of 35?
False
Is 62 a factor of 2418?
True
Does 21 divide 1286?
False
Is 3060 a multiple of 12?
True
Is 3 a factor of 65?
False
Does 17 divide 24295?
False
Is 13 a factor of 4358?
False
Is 56 a factor of 147224?
True
Is 63612 a multiple of 152?
False
Is 526 a multiple of 47?
False
Is 40284 a multiple of 108?
True
Is 265 a factor of 24380?
True
Is 14958 a multiple of 16?
False
Does 15 divide 855?
True
Is 1877 a multiple of 27?
False
Is 913 a multiple of 16?
False
Is 47 a factor of 752?
True
Is 589 a multiple of 6?
False
Is 32 a factor of 14688?
True
Is 5 a factor of 2740?
True
Is 2760 a multiple of 12?
True
Does 70 divide 1694?
False
Is 5859 a multiple of 19?
False
Is 3216 a multiple of 12?
True
Is 74 a factor of 518?
True
Is 21920 a multiple of 40?
True
Is 76 a factor of 2964?
True
Does 35 divide 4612?
False
Does 154 divide 6196?
False
Does 27 divide 2430?
True
Does 49 divide 6053?
False
Is 215 a multiple of 81?
False
Is 5265 even?
False
Is 159 a factor of 21569?
False
Does 37 divide 28746?
False
Does 22 divide 1694?
True
Is 75874 a multiple of 59?
True
Is 10276 a multiple of 28?
True
Is 21 a factor of 7371?
True
Does 5 divide 1800?
True
Does 49 divide 4459?
True
Is 16 a factor of 624?
True
Is 585 a multiple of 9?
True
Is 66297 a multiple of 25?
False
Is 5533 a multiple of 26?
False
Is 29568 a multiple of 8?
True
Is 1963 a multiple of 13?
True
Is 2403 a multiple of 9?
True
Is 88 a factor of 1496?
True
Does 8 divide 3640?
True
Is 12912 a multiple of 8?
True
Is 10 a factor of 2505?
False
Does 34 divide 34?
True
Does 11 divide 1529?
True
Is 172 a factor of 2236?
True
Does 97 divide 6693?
True
Is 37577 a multiple of 9?
False
Is 15 a factor of 240?
True
Is 104 a factor of 1560?
True
Is 10318 a multiple of 22?
True
Is 9152 a multiple of 12?
False
Is 32435 a multiple of 50?
False
Does 92 divide 8924?
True
Does 22 divide 1122?
True
Is 2961 a multiple of 20?
False
Does 102 divide 4487?
False
Does 25 divide 27450?
True
Does 35 divide 376?
False
Does 39 divide 5634?
False
Is 55 a factor of 8635?
True
Is 24 a factor of 3648?
True
Is 2596 a multiple of 44?
True
Is 560 a multiple of 35?
True
Does 13 divide 2405?
True
Does 8 divide 56?
True
Is 738 a multiple of 18?
True
Is 38704 a multiple of 59?
True
Does 6 divide 90?
True
Does 62 divide 496?
True
Does 16 divide 2160?
True
Is 665 a multiple of 19?
True
Is 9 a factor of 78?
False
Does 12 divide 948?
True
Is 15 a factor of 60743?
False
Is 9 a factor of 810?
True
Is 58 a factor of 1044?
True
Is 8 a factor of 1224?
True
Does 35 divide 58835?
True
Is 2 a factor of 308?
True
Is 233 a multiple of 20?
False
Is 32 a factor of 800?
True
Does 14 divide 1453?
False
Is 2911 a multiple of 14?
False
Is 1468 a multiple of 61?
False
Is 132 a multiple of 44?
True
Is 23 a factor of 345?
True
Does 96 divide 2784?
True
Is 7 a factor of 1203?
False
Is 26368 a multiple of 103?
True
Does 35 divide 210?
True
Does 3 divide 3977?
False
Is 608 a multiple of 32?
True
Is 330 a multiple of 10?
True
Does 175 divide 875?
True
Is 16 a factor of 698?
False
Is 1344 a multiple of 18?
False
Does 5 divide 43?
False
Does 79 divide 940?
False
Is 51 a factor of 306?
True
Is 8245 a multiple of 17?
True
Is 145 a factor of 24940?
True
Is 3052 a multiple of 28?
True
Is 40 a factor of 4680?
True
Is 1726 a multiple of 2?
True
Does 50 divide 67600?
True
Is 1184 a multiple of 7?
False
Does 27 divide 2727?
True
Does 2 divide 117?
False
Is 13 a factor of 91?
True
Does 18 divide 1278?
True
Is 24 a factor of 192?
True
Is 24 a multiple of 24?
True
Does 16 divide 36672?
True
Is 87 a factor of 3045?
True
Does 7 divide 91?
True
Is 1678 a multiple of 17?
False
Is 968 a multiple of 4?
True
Is 65 a factor of 5238?
False
Does 20 divide 39918?
False
Is 10 a factor of 8714?
False
Is 2367 a multiple of 9?
True
Is 140 a factor of 120120?
True
Is 7 a factor of 3675?
True
Is 928 a multiple of 32?
True
Is 244 a multiple of 5?
False
Does 60 divide 823?
False
Does 68 divide 261?
False
Is 80262 a multiple of 294?
True
Is 171 a multiple of 57?
True
Does 6 divide 438?
True
Is 69 a factor of 16974?
True
Is 9 a factor of 348?
False
Is 16 a factor of 1296?
True
Is 4768 a multiple of 8?
True
Does 10 divide 34840?
True
Is 6397 a multiple of 32?
False
Is 3371 a multiple of 24?
False
Does 30 divide 1360?
False
Does 25 divide 2400?
True
Is 38717 a multiple of 140?
False
Is 1859 a multiple of 13?
True
Is 6048 a multiple of 96?
True
Is 52 a factor of 1716?
True
Is 12 a factor of 38156?
False
Is 1368 a multiple of 101?
False
Does 19 divide 116?
False
Is 17 a factor of 43787?
False
Does 62 divide 4148?
False
Does 33 divide 467?
False
Does 6 divide 7963?
False
Does 45 divide 14203?
False
Is 289 a multiple of 2?
False
Does 71 divide 8094?
True
Is 7 a factor of 3252?
False
Is 123 a multiple of 2?
False
Is 6 a factor of 43154?
False
Does 24 divide 1352?
False
Is 16 a factor of 845?
False
Is 18 a factor of 972?
True
Does 11 divide 33?
True
Is 13 a factor of 1903?
False
Does 22 divide 107?
False
Is 673 a multiple of 34?
False
Is 9 a factor of 1431?
True
Is 43 a factor of 3827?
True
Is 60 a factor of 27660?
True
Does 5 divide 1097?
False
Is 21 a factor of 756?
True
Does 4 divide 258?
False
Does 39 divide 858?
True
Does 13 divide 718?
False
Does 26 divide 234?
True
Is 2 a factor of 462?
True
Does 101 divide 9797?
True
Does 21 divide 1775?
False
Is 427 a multiple of 41?
False
Is 19 a factor of 2128?
True
Is 69046 a multiple of 19?
True
Is 28 a factor of 1791?
False
Is 22 a factor of 539?
False
Is 3687 a multiple of 43?
False
Is 13 a factor of 502?
False
Is 255 a multiple of 15?
True
Is 8 a factor of 111?
False
Is 986 a multiple of 57?
False
Is 11 a factor of 16291?
True
Is 24 a factor of 1824?
True
Is 13 a factor of 1170?
True
Is 7 a factor of 770?
True
Is 35 a factor of 12743?
False
Does 5 divide 404?
False
Is 72 a factor of 792?
True
Is 108134 a multiple of 13?
True
Does 114 divide 37164?
True
Is 763 a multiple of 17?
False
Does 7 divide 1572?
False
Is 572 a multiple of 26?
True
Is 1122 a multiple of 6?
True
Is 19642 a multiple of 6?
False
Does 105 divide 19425?
True
Is 23 a factor of 5224?
False
Is 504 a multiple of 12?
True
Does 36 divide 519?
False
Is 486 a multiple of 11?
False
Is 152 a multiple of 19?
True
Does 25 divide 6125?
True
Does 60 divide 32520?
True
Is 2070 a multiple of 30?
True
Is 22 a factor of 5962?
True
Is 12 a factor of 6504?
True
Is 36332 a multiple of 361?
False
Is 8 a factor of 520?
True
Does 18 divide 3953?
False
Is 3360 a multiple of 15?
True
Is 2484 a multiple of 9?
True
Is 2646 a multiple of 6?
True
Is 55 a factor of 4941?
False
Is 2655 a multiple of 45?
True
Does 4 divide 21320?
True
Does 4 divide 1391?
False
Is 59 a factor of 826?
True
Is 38578 a multiple of 172?
False
Is 1463 a multiple of 11?
True
Does 11 divide 18535?
True
Is 31 a factor of 10292?
True
Is 15 a factor of 1282?
False
Is 1401 a multiple of 22?
False
Is 6066 a multiple of 18?
True
Does 10 divide 2660?
True
Is 7389 a multiple of 13?
False
Is 1796 a multiple of 21?
False
Is 70 a factor of 1286?
False
Does 30 divide 1531?
False
Is 8 a factor of 1376?
True
Is 88 a factor of 2767?
False
Is 10010 a multiple of 143?
True
Is 16 a factor of 358?
False
Does 37 divide 111?
True
Is 208 a multiple of 17?
False
Is 1458 a multiple of 54?
True
Is 39874 a multiple of 26?
False
Is 15 a factor of 5174?
False
Is 280 a multiple of 7?
True
Is 741 a multiple of 7?
False
Does 100 divide 23869?
False
Is 55 a factor of 715?
True
Is 4 a factor of 14290?
False
Is 12 a fact